{"id":78,"date":"2020-09-21T19:14:11","date_gmt":"2020-09-21T17:14:11","guid":{"rendered":"http:\/\/snudifo34.fr\/?page_id=78"},"modified":"2022-08-21T16:27:08","modified_gmt":"2022-08-21T14:27:08","slug":"communiques","status":"publish","type":"page","link":"http:\/\/snudifo34.fr\/index.php\/communiques\/","title":{"rendered":"Communiqu\u00e9s"},"content":{"rendered":"\n<p>Voici les derniers communiqu\u00e9s de notre syndicat :<\/p>\n\n\n<ul class=\"wp-block-latest-posts__list wp-block-latest-posts\"><li><a class=\"wp-block-latest-posts__post-title\" href=\"http:\/\/snudifo34.fr\/index.php\/2026\/05\/16\/face-a-la-militarisation-organiser-lecole-contre-la-guerre-la-fnec-fp-fo-a-ete-recue-au-ministere\/\">Face \u00e0 la militarisation, organiser l\u2019\u00c9cole contre la guerre ! La FNEC FP-FO a \u00e9t\u00e9 re\u00e7ue au minist\u00e8re<\/a><div class=\"wp-block-latest-posts__post-excerpt\">Une d\u00e9l\u00e9gation de la FNEC FP-FO a \u00e9t\u00e9 re\u00e7ue au minist\u00e8re le 6 mai, par deux conseillers minist\u00e9riels, suite au courrier adress\u00e9 au ministre Geffray <a class=\"mh-excerpt-more\" href=\"http:\/\/snudifo34.fr\/index.php\/2026\/05\/16\/face-a-la-militarisation-organiser-lecole-contre-la-guerre-la-fnec-fp-fo-a-ete-recue-au-ministere\/\" title=\"Face \u00e0 la militarisation, organiser l\u2019\u00c9cole contre la guerre ! La FNEC FP-FO a \u00e9t\u00e9 re\u00e7ue au minist\u00e8re\">[&#8230;]<\/a><\/div><\/li>\n<li><a class=\"wp-block-latest-posts__post-title\" href=\"http:\/\/snudifo34.fr\/index.php\/2026\/05\/14\/abandon-des-classes-defense-dans-lherault-arret-des-interventions-de-larmee-dans-les-etablissements\/\">Abandon des classes d\u00e9fense dans l\u2019H\u00e9rault ! Arr\u00eat des interventions de l&rsquo;arm\u00e9e dans les \u00e9tablissements !<\/a><div class=\"wp-block-latest-posts__post-excerpt\">Nos organisations syndicales refusent que l\u2019\u00c9cole et ses personnels soient instrumentalis\u00e9s pour pousser les jeunes vers l\u2019arm\u00e9e.<\/div><\/li>\n<li><a class=\"wp-block-latest-posts__post-title\" href=\"http:\/\/snudifo34.fr\/index.php\/2026\/05\/14\/pas-courrier-de-la-fnec-fp-fo-au-ministre\/\">PAS: courrier de la FNEC FP-FO au ministre<\/a><div class=\"wp-block-latest-posts__post-excerpt\">Suite \u00e0 l&rsquo;adoption du projet de loi \u00ab visant \u00e0 renforcer le parcours inclusif des enfants \u00e0 besoins \u00e9ducatifs particuliers \u00bb qui acte la suppression <a class=\"mh-excerpt-more\" href=\"http:\/\/snudifo34.fr\/index.php\/2026\/05\/14\/pas-courrier-de-la-fnec-fp-fo-au-ministre\/\" title=\"PAS: courrier de la FNEC FP-FO au ministre\">[&#8230;]<\/a><\/div><\/li>\n<li><a class=\"wp-block-latest-posts__post-title\" href=\"http:\/\/snudifo34.fr\/index.php\/2026\/05\/10\/compte-rendu-de-la-delegation-recue-a-la-prefecture-le-4-mai\/\">Compte rendu de la d\u00e9l\u00e9gation re\u00e7ue \u00e0 la pr\u00e9fecture le 4 mai<\/a><div class=\"wp-block-latest-posts__post-excerpt\">Le SNUDI FO 34 et FO ESR universit\u00e9\/recherche ont \u00e9t\u00e9 re\u00e7us au sujet du refus de l&rsquo;augmentation de 36 milliards dans la LPM (loi de <a class=\"mh-excerpt-more\" href=\"http:\/\/snudifo34.fr\/index.php\/2026\/05\/10\/compte-rendu-de-la-delegation-recue-a-la-prefecture-le-4-mai\/\" title=\"Compte rendu de la d\u00e9l\u00e9gation re\u00e7ue \u00e0 la pr\u00e9fecture le 4 mai\">[&#8230;]<\/a><\/div><\/li>\n<li><a class=\"wp-block-latest-posts__post-title\" href=\"http:\/\/snudifo34.fr\/index.php\/2026\/05\/06\/compte-rendu-du-csa-ministeriel-du-5-mai-2026\/\">Compte-rendu du CSA minist\u00e9riel du 5 mai 2026<\/a><div class=\"wp-block-latest-posts__post-excerpt\">D\u00e9claration de la FNEC FP FO , points \u00e0 l&rsquo;ordre du jour: plan national de formation, bilan LDG strat\u00e9giques, r\u00e9forme de la formation initiale, et <a class=\"mh-excerpt-more\" href=\"http:\/\/snudifo34.fr\/index.php\/2026\/05\/06\/compte-rendu-du-csa-ministeriel-du-5-mai-2026\/\" title=\"Compte-rendu du CSA minist\u00e9riel du 5 mai 2026\">[&#8230;]<\/a><\/div><\/li>\n<li><a class=\"wp-block-latest-posts__post-title\" href=\"http:\/\/snudifo34.fr\/index.php\/2026\/05\/06\/intervention-de-la-fnec-fp-fo-au-rassemblement-du-4-mai-devant-lassemblee-nationale-contre-la-guerre-et-les-budgets-de-guerre\/\">Intervention de la FNEC FP-FO au rassemblement du 4 mai devant l\u2019Assembl\u00e9e nationale contre la guerre et les budgets de guerre<\/a><div class=\"wp-block-latest-posts__post-excerpt\">Des centaines se sont rassembl\u00e9s \u00e0 proximit\u00e9 de l&rsquo;assembl\u00e9e nationale ce lundi 4 mai, contre la guerre et les budgets de guerre \u00e0 l&rsquo;appel des <a class=\"mh-excerpt-more\" href=\"http:\/\/snudifo34.fr\/index.php\/2026\/05\/06\/intervention-de-la-fnec-fp-fo-au-rassemblement-du-4-mai-devant-lassemblee-nationale-contre-la-guerre-et-les-budgets-de-guerre\/\" title=\"Intervention de la FNEC FP-FO au rassemblement du 4 mai devant l\u2019Assembl\u00e9e nationale contre la guerre et les budgets de guerre\">[&#8230;]<\/a><\/div><\/li>\n<li><a class=\"wp-block-latest-posts__post-title\" href=\"http:\/\/snudifo34.fr\/index.php\/2026\/05\/06\/aucun-eleve-ne-doit-mourir-en-stage-la-fnec-fp-fo-alerte-les-parents-de-la-mise-en-danger-de-leur-enfant\/\">Aucun \u00e9l\u00e8ve ne doit mourir en stage ! La FNEC FP-FO alerte les parents de la mise en danger de leur enfant !<\/a><div class=\"wp-block-latest-posts__post-excerpt\">Le 17 avril, un \u00e9l\u00e8ve en classe de rem\u00e9diation dans un lyc\u00e9e professionnel priv\u00e9 de Bagnols-surCeze (30), alors \u00e2g\u00e9 de 15 ans, est mort \u00e9cras\u00e9 <a class=\"mh-excerpt-more\" href=\"http:\/\/snudifo34.fr\/index.php\/2026\/05\/06\/aucun-eleve-ne-doit-mourir-en-stage-la-fnec-fp-fo-alerte-les-parents-de-la-mise-en-danger-de-leur-enfant\/\" title=\"Aucun \u00e9l\u00e8ve ne doit mourir en stage ! La FNEC FP-FO alerte les parents de la mise en danger de leur enfant !\">[&#8230;]<\/a><\/div><\/li>\n<li><a class=\"wp-block-latest-posts__post-title\" href=\"http:\/\/snudifo34.fr\/index.php\/2026\/05\/03\/benefices-records-de-total-energies-un-blocage-des-prix-des-carburants-est-necessaire-et-legitime-communique-fo\/\">B\u00e9n\u00e9fices records de Total Energies : un blocage des prix des carburants est n\u00e9cessaire et l\u00e9gitime -communiqu\u00e9 FO<\/a><div class=\"wp-block-latest-posts__post-excerpt\">Force Ouvri\u00e8re rappelle que des outils existent. L\u2019\u00c9tat peut intervenir pour encadrer les prix, comme cela a d\u00e9j\u00e0 \u00e9t\u00e9 fait par le pass\u00e9, et doit <a class=\"mh-excerpt-more\" href=\"http:\/\/snudifo34.fr\/index.php\/2026\/05\/03\/benefices-records-de-total-energies-un-blocage-des-prix-des-carburants-est-necessaire-et-legitime-communique-fo\/\" title=\"B\u00e9n\u00e9fices records de Total Energies : un blocage des prix des carburants est n\u00e9cessaire et l\u00e9gitime -communiqu\u00e9 FO\">[&#8230;]<\/a><\/div><\/li>\n<li><a class=\"wp-block-latest-posts__post-title\" href=\"http:\/\/snudifo34.fr\/index.php\/2026\/05\/03\/autorisations-dabsences-compte-rendu-du-conseil-commun-de-la-fonction-publique-et-communique-intersyndical\/\">Autorisations d&rsquo;absences : compte-rendu du Conseil Commun de la Fonction Publique et communiqu\u00e9 intersyndical<\/a><div class=\"wp-block-latest-posts__post-excerpt\">Le 29 avril, un seul texte est soumis \u00e0 nouveau \u00e0 l\u2019ordre du jour \u00e0 la suite du vote d\u00e9favorable unanime des organisations syndicales ainsi <a class=\"mh-excerpt-more\" href=\"http:\/\/snudifo34.fr\/index.php\/2026\/05\/03\/autorisations-dabsences-compte-rendu-du-conseil-commun-de-la-fonction-publique-et-communique-intersyndical\/\" title=\"Autorisations d&rsquo;absences : compte-rendu du Conseil Commun de la Fonction Publique et communiqu\u00e9 intersyndical\">[&#8230;]<\/a><\/div><\/li>\n<li><a class=\"wp-block-latest-posts__post-title\" href=\"http:\/\/snudifo34.fr\/index.php\/2026\/05\/03\/le-decret-de-territorialisation-des-decharges-de-direction-rejete-par-le-conseil-national-de-levaluation-des-normes\/\">Le d\u00e9cret de territorialisation des d\u00e9charges de direction rejet\u00e9 par le Conseil national de l\u2019\u00e9valuation des normes !<\/a><div class=\"wp-block-latest-posts__post-excerpt\">Pour le SNUDI-FO, sous pr\u00e9texte de r\u00e9pondre \u00e0 la probl\u00e9matique sp\u00e9cifique des \u00e9coles parisiennes qui b\u00e9n\u00e9ficient d\u2019une d\u00e9charge compl\u00e8te, ce d\u00e9cret, en laissant la possibilit\u00e9 <a class=\"mh-excerpt-more\" href=\"http:\/\/snudifo34.fr\/index.php\/2026\/05\/03\/le-decret-de-territorialisation-des-decharges-de-direction-rejete-par-le-conseil-national-de-levaluation-des-normes\/\" title=\"Le d\u00e9cret de territorialisation des d\u00e9charges de direction rejet\u00e9 par le Conseil national de l\u2019\u00e9valuation des normes !\">[&#8230;]<\/a><\/div><\/li>\n<li><a class=\"wp-block-latest-posts__post-title\" href=\"http:\/\/snudifo34.fr\/index.php\/2026\/05\/03\/le-ministre-tente-dassocier-syndicats-et-elus-locaux-a-la-destruction-de-lecole-publique-non-a-lexperimentation-geffray\/\">Le ministre tente d\u2019associer syndicats et \u00e9lus locaux \u00e0 la destruction de l\u2019Ecole publique : Non \u00e0 l\u2019exp\u00e9rimentation Geffray !<\/a><div class=\"wp-block-latest-posts__post-excerpt\">Le ministre de l\u2019Education nationale annonce mettre en place \u00ab une exp\u00e9rimentation in\u00e9dite de construction de la carte scolaire dans 18 d\u00e9partements *.\u00bb<\/div><\/li>\n<li><a class=\"wp-block-latest-posts__post-title\" href=\"http:\/\/snudifo34.fr\/index.php\/2026\/04\/28\/non-a-la-guerre-non-aux-budgets-de-guerre-non-a-la-nouvelle-loi-de-programmation-militaire-rassemblements-le-4-mai\/\">Non \u00e0 la guerre ! Non aux budgets de guerre ! Non \u00e0 la nouvelle loi de programmation militaire! Rassemblements le 4 mai !<\/a><div class=\"wp-block-latest-posts__post-excerpt\">Le projet d\u2019actualisation de la loi de programmation militaire (LPM) sera examin\u00e9 la semaine du 4 mai \u00e0 l\u2019Assembl\u00e9e nationale puis en juin au S\u00e9nat. <a class=\"mh-excerpt-more\" href=\"http:\/\/snudifo34.fr\/index.php\/2026\/04\/28\/non-a-la-guerre-non-aux-budgets-de-guerre-non-a-la-nouvelle-loi-de-programmation-militaire-rassemblements-le-4-mai\/\" title=\"Non \u00e0 la guerre ! Non aux budgets de guerre ! Non \u00e0 la nouvelle loi de programmation militaire! Rassemblements le 4 mai !\">[&#8230;]<\/a><\/div><\/li>\n<li><a class=\"wp-block-latest-posts__post-title\" href=\"http:\/\/snudifo34.fr\/index.php\/2026\/04\/20\/parcoursup-et-service-national-main-dans-la-main-pour-militariser-la-jeunesse\/\">Parcoursup et Service National main dans la main pour militariser la jeunesse!<\/a><div class=\"wp-block-latest-posts__post-excerpt\">Dans la marche \u00e0 la guerre enclench\u00e9e par le gouvernement Macron\/Lecornu, les jeunes sont les premiers vis\u00e9s. Les mesures les concernant ont un r\u00f4le central <a class=\"mh-excerpt-more\" href=\"http:\/\/snudifo34.fr\/index.php\/2026\/04\/20\/parcoursup-et-service-national-main-dans-la-main-pour-militariser-la-jeunesse\/\" title=\"Parcoursup et Service National main dans la main pour militariser la jeunesse!\">[&#8230;]<\/a><\/div><\/li>\n<li><a class=\"wp-block-latest-posts__post-title\" href=\"http:\/\/snudifo34.fr\/index.php\/2026\/04\/17\/la-fnec-fp-fo-ne-participera-pas-aux-ateliers-prospectifs-concernant-la-baisse-demographique-et-lanticipation-des-evolutions-de-loffre-scolaire-courrier-au-ministre-geffray\/\">La FNEC FP-FO ne participera pas aux ateliers prospectifs concernant la \u00ab Baisse d\u00e9mographique et l\u2019anticipation des \u00e9volutions de l&rsquo;offre scolaire. \u00bb Courrier au ministre Geffray<\/a><div class=\"wp-block-latest-posts__post-excerpt\">Contrairement \u00e0 ce que vous pr\u00e9tendez, ce programme de destruction de l\u2019Ecole publique n\u2019a rien \u00e0 voir avec la baisse d\u00e9mographique \u2013 qui permettrait de <a class=\"mh-excerpt-more\" href=\"http:\/\/snudifo34.fr\/index.php\/2026\/04\/17\/la-fnec-fp-fo-ne-participera-pas-aux-ateliers-prospectifs-concernant-la-baisse-demographique-et-lanticipation-des-evolutions-de-loffre-scolaire-courrier-au-ministre-geffray\/\" title=\"La FNEC FP-FO ne participera pas aux ateliers prospectifs concernant la \u00ab Baisse d\u00e9mographique et l\u2019anticipation des \u00e9volutions de l&rsquo;offre scolaire. \u00bb Courrier au ministre Geffray\">[&#8230;]<\/a><\/div><\/li>\n<li><a class=\"wp-block-latest-posts__post-title\" href=\"http:\/\/snudifo34.fr\/index.php\/2026\/04\/14\/les-personnels-parents-elus-nacceptent-pas-le-cadre-impose-et-obtiennent-gain-de-cause\/\">Les personnels, parents, \u00e9lus n\u2019acceptent pas le cadre impos\u00e9 et obtiennent gain de cause !<\/a><div class=\"wp-block-latest-posts__post-excerpt\">Depuis plusieurs semaines, les mobilisations, manifestations et blocages des \u00e9coles contre les annonces de fermetures de classes ont eu raison des DASEN.<\/div><\/li>\n<li><a class=\"wp-block-latest-posts__post-title\" href=\"http:\/\/snudifo34.fr\/index.php\/2026\/04\/11\/courrier-intersyndical-au-ministre-prix-des-carburants\/\">Courrier intersyndical au ministre prix des carburants<\/a><div class=\"wp-block-latest-posts__post-excerpt\">Demande du plafonnement des prix des carburants, d\u2019augmentation des salaires, de revalorisation de l\u2019ISSR et des frais de d\u00e9placement<\/div><\/li>\n<li><a class=\"wp-block-latest-posts__post-title\" href=\"http:\/\/snudifo34.fr\/index.php\/2026\/04\/10\/le-gouvernement-annonce-de-nouvelles-coupes-blocage-des-prix\/\">Le gouvernement annonce de nouvelles coupes, Blocage des prix !<\/a><div class=\"wp-block-latest-posts__post-excerpt\">La guerre d\u2019agression contre l\u2019Iran est le pr\u00e9texte \u00e0 une flamb\u00e9e des prix du gaz et des carburants que subissent tous les salari\u00e9s et agents.<\/div><\/li>\n<li><a class=\"wp-block-latest-posts__post-title\" href=\"http:\/\/snudifo34.fr\/index.php\/2026\/04\/04\/prix-des-carburants-courrier-de-la-fnce-fp-fo-au-ministre\/\">Prix des carburants: courrier de la FNEC FP FO au ministre<\/a><div class=\"wp-block-latest-posts__post-excerpt\">Demande du plafonnement des prix des carburants, d\u2019augmentation des salaires, de revalorisation de l\u2019ISSR et des frais de d\u00e9placement. tract de Force Ouvri\u00e8re:<\/div><\/li>\n<li><a class=\"wp-block-latest-posts__post-title\" href=\"http:\/\/snudifo34.fr\/index.php\/2026\/04\/04\/greve-et-mobilisations-contre-les-fermetures-de-classes\/\">Gr\u00e8ve et mobilisations contre les fermetures de classes!<\/a><div class=\"wp-block-latest-posts__post-excerpt\">La mobilisation contre les 74 fermetures de classe prend de l&rsquo;ampleur: Echo des mobilisations dans les d\u00e9partements:<\/div><\/li>\n<li><a class=\"wp-block-latest-posts__post-title\" href=\"http:\/\/snudifo34.fr\/index.php\/2026\/04\/04\/retrait-du-vademecum-agir-contre-le-racisme-lantisemitisme-et-les-discriminations-liees-a-lorigine\/\">Retrait du Vademecum \u00ab Agir contre le racisme, l\u2019antis\u00e9mitisme et les discriminations li\u00e9es \u00e0 l\u2019origine \u00bb<\/a><div class=\"wp-block-latest-posts__post-excerpt\">Courrier de la FNEC FP FO au ministre Geffray lui demandant de retirer son\u00a0vademecum\u00a0qui, sous couvert d\u2019agir contre la racisme et l\u2019antis\u00e9mitisme, pr\u00e9pare le terrain <a class=\"mh-excerpt-more\" href=\"http:\/\/snudifo34.fr\/index.php\/2026\/04\/04\/retrait-du-vademecum-agir-contre-le-racisme-lantisemitisme-et-les-discriminations-liees-a-lorigine\/\" title=\"Retrait du Vademecum \u00ab Agir contre le racisme, l\u2019antis\u00e9mitisme et les discriminations li\u00e9es \u00e0 l\u2019origine \u00bb\">[&#8230;]<\/a><\/div><\/li>\n<li><a class=\"wp-block-latest-posts__post-title\" href=\"http:\/\/snudifo34.fr\/index.php\/2026\/03\/28\/tous-en-greve-mardi-31-mars-tous-au-rassemblement-devant-le-rectorat-a-13h30\/\">Tous en gr\u00e8ve mardi 31 mars ! Tous au rassemblement devant le rectorat \u00e0 13h30 !<\/a><div class=\"wp-block-latest-posts__post-excerpt\">Nous appelons \u00e0 la mobilisation de tous, personnels et parents d&rsquo;\u00e9l\u00e8ves pour obtenir :<\/div><\/li>\n<li><a class=\"wp-block-latest-posts__post-title\" href=\"http:\/\/snudifo34.fr\/index.php\/2026\/03\/28\/pas-de-propagande-militaire-dans-nos-ecoles-retrait-de-la-proposition-de-loi-sur-lenseignement-a-la-defense\/\">Pas de propagande militaire dans nos \u00e9coles ! RETRAIT de la proposition de loi sur l\u2019enseignement \u00e0 la d\u00e9fense !<\/a><div class=\"wp-block-latest-posts__post-excerpt\">Cette proposition de loi entend instaurer un r\u00e9f\u00e9rentiel de comp\u00e9tences \u00e0 acqu\u00e9rir par les \u00e9l\u00e8ves, pour garantir que \u00ab l\u2019enseignement \u00e0 la d\u00e9fense et \u00e0 <a class=\"mh-excerpt-more\" href=\"http:\/\/snudifo34.fr\/index.php\/2026\/03\/28\/pas-de-propagande-militaire-dans-nos-ecoles-retrait-de-la-proposition-de-loi-sur-lenseignement-a-la-defense\/\" title=\"Pas de propagande militaire dans nos \u00e9coles ! RETRAIT de la proposition de loi sur l\u2019enseignement \u00e0 la d\u00e9fense !\">[&#8230;]<\/a><\/div><\/li>\n<li><a class=\"wp-block-latest-posts__post-title\" href=\"http:\/\/snudifo34.fr\/index.php\/2026\/03\/28\/samedi-28-mars-toutes-et-tous-aux-manifestations-en-soutien-au-peuple-palestinien\/\">Samedi 28 mars, toutes et tous aux manifestations en soutien au peuple palestinien !<\/a><div class=\"wp-block-latest-posts__post-excerpt\">A l\u2019occasion de la journ\u00e9e de la Terre, jour de comm\u00e9moration du peuple palestinien, la FNEC FP-FO appelle les personnels \u00e0 participer aux manifestations organis\u00e9es <a class=\"mh-excerpt-more\" href=\"http:\/\/snudifo34.fr\/index.php\/2026\/03\/28\/samedi-28-mars-toutes-et-tous-aux-manifestations-en-soutien-au-peuple-palestinien\/\" title=\"Samedi 28 mars, toutes et tous aux manifestations en soutien au peuple palestinien !\">[&#8230;]<\/a><\/div><\/li>\n<li><a class=\"wp-block-latest-posts__post-title\" href=\"http:\/\/snudifo34.fr\/index.php\/2026\/03\/28\/suppressions-de-postes-cest-maintenant-quil-faut-y-aller-reunissons-nous-dans-nos-ecoles-et-decidons-la-greve\/\">Suppressions de postes : c\u2019est maintenant qu\u2019il faut y aller ! R\u00e9unissons-nous dans nos \u00e9coles et d\u00e9cidons la gr\u00e8ve !<\/a><div class=\"wp-block-latest-posts__post-excerpt\">Les annonces de fermetures de classes ont provoqu\u00e9 partout une r\u00e9action imm\u00e9diate et spontan\u00e9e des personnels et des parents d\u2019\u00e9l\u00e8ves: les blocages d\u2019\u00e9coles, les rassemblements, <a class=\"mh-excerpt-more\" href=\"http:\/\/snudifo34.fr\/index.php\/2026\/03\/28\/suppressions-de-postes-cest-maintenant-quil-faut-y-aller-reunissons-nous-dans-nos-ecoles-et-decidons-la-greve\/\" title=\"Suppressions de postes : c\u2019est maintenant qu\u2019il faut y aller ! R\u00e9unissons-nous dans nos \u00e9coles et d\u00e9cidons la gr\u00e8ve !\">[&#8230;]<\/a><\/div><\/li>\n<li><a class=\"wp-block-latest-posts__post-title\" href=\"http:\/\/snudifo34.fr\/index.php\/2026\/03\/28\/tous-en-greve-on-va-chercher-nos-postes\/\">TOUS EN GREVE ! On va chercher nos postes !<\/a><div class=\"wp-block-latest-posts__post-excerpt\">De nombreux appels intersyndicaux proposent la gr\u00e8ve aux personnels d\u00e8s la semaine prochaine, en particulier de nombreux appels pour le mardi 31 mars.<\/div><\/li>\n<li><a class=\"wp-block-latest-posts__post-title\" href=\"http:\/\/snudifo34.fr\/index.php\/2026\/03\/25\/fusion-des-remplacants-courrier-du-snudi-fo-34-au-dasen\/\">Fusion des rempla\u00e7ants: courrier du SNUDI FO 34 au DASEN<\/a><div class=\"wp-block-latest-posts__post-excerpt\">Le 8 mars, nous avons \u00e9crit au DASEN pour lui poser les questions auxquelles nous n&rsquo;avons pas obtenu de r\u00e9ponses lors de l&rsquo;audience de la <a class=\"mh-excerpt-more\" href=\"http:\/\/snudifo34.fr\/index.php\/2026\/03\/25\/fusion-des-remplacants-courrier-du-snudi-fo-34-au-dasen\/\" title=\"Fusion des rempla\u00e7ants: courrier du SNUDI FO 34 au DASEN\">[&#8230;]<\/a><\/div><\/li>\n<li><a class=\"wp-block-latest-posts__post-title\" href=\"http:\/\/snudifo34.fr\/index.php\/2026\/03\/25\/ecole-publique-en-danger\/\">ECOLE PUBLIQUE EN DANGER NON AUX FERMETURES DE CLASSE DANS L&rsquo;HERAULT!<\/a><div class=\"wp-block-latest-posts__post-excerpt\">REUNION PUBLIQUE mercredi 1er avril \u00e0 19h, SIEGE DE LA FCPE DE L\u2019HERAULT, 27 Rue Savorgnan de Brazza, 34070 Montpellier (entr\u00e9e par la rue du <a class=\"mh-excerpt-more\" href=\"http:\/\/snudifo34.fr\/index.php\/2026\/03\/25\/ecole-publique-en-danger\/\" title=\"ECOLE PUBLIQUE EN DANGER NON AUX FERMETURES DE CLASSE DANS L&rsquo;HERAULT!\">[&#8230;]<\/a><\/div><\/li>\n<li><a class=\"wp-block-latest-posts__post-title\" href=\"http:\/\/snudifo34.fr\/index.php\/2026\/03\/20\/partout-en-france-discutons-de-lappel-de-lag-des-personnels-et-lyceens-de-marseille\/\">Partout en France : discutons de l\u2019appel de l\u2019AG des personnels et lyc\u00e9ens de Marseille !<\/a><div class=\"wp-block-latest-posts__post-excerpt\">La FNEC FP-FO porte \u00e0 la connaissance de tous l\u2019appel de l\u2019AG des personnels et lyc\u00e9ens de Marseille qui reconduisent les gr\u00e8ves et les blocages <a class=\"mh-excerpt-more\" href=\"http:\/\/snudifo34.fr\/index.php\/2026\/03\/20\/partout-en-france-discutons-de-lappel-de-lag-des-personnels-et-lyceens-de-marseille\/\" title=\"Partout en France : discutons de l\u2019appel de l\u2019AG des personnels et lyc\u00e9ens de Marseille !\">[&#8230;]<\/a><\/div><\/li>\n<li><a class=\"wp-block-latest-posts__post-title\" href=\"http:\/\/snudifo34.fr\/index.php\/2026\/03\/20\/un-pas-de-plus-vers-un-statut-de-directeur-superieur-hierarchique-au-sein-dune-ecole-territorialisee\/\">Un pas de plus vers un statut de directeur sup\u00e9rieur hi\u00e9rarchique au sein d\u2019une \u00e9cole territorialis\u00e9e!<\/a><div class=\"wp-block-latest-posts__post-excerpt\">Jeudi 12 mars, le minist\u00e8re de l\u2019\u00c9ducation nationale a organis\u00e9 un groupe de travail sur le \u00ab r\u00e9f\u00e9rentiel m\u00e9tier des directeurs d\u2019\u00e9cole \u00bb qui avait <a class=\"mh-excerpt-more\" href=\"http:\/\/snudifo34.fr\/index.php\/2026\/03\/20\/un-pas-de-plus-vers-un-statut-de-directeur-superieur-hierarchique-au-sein-dune-ecole-territorialisee\/\" title=\"Un pas de plus vers un statut de directeur sup\u00e9rieur hi\u00e9rarchique au sein d\u2019une \u00e9cole territorialis\u00e9e!\">[&#8230;]<\/a><\/div><\/li>\n<li><a class=\"wp-block-latest-posts__post-title\" href=\"http:\/\/snudifo34.fr\/index.php\/2026\/03\/15\/echo-des-mobilisations\/\">Echo des mobilisations<\/a><div class=\"wp-block-latest-posts__post-excerpt\">Enseignants, AESH, parents, lyc\u00e9ens: tous ceux qui partout en France refusent les suppressions de postes et exigent l&rsquo;ouverture des postes n\u00e9cessaires, qui refusent la militarisation <a class=\"mh-excerpt-more\" href=\"http:\/\/snudifo34.fr\/index.php\/2026\/03\/15\/echo-des-mobilisations\/\" title=\"Echo des mobilisations\">[&#8230;]<\/a><\/div><\/li>\n<\/ul>\n\n\n<p><\/p>\n","protected":false},"excerpt":{"rendered":"<div class=\"mh-excerpt\"><p>Voici les derniers communiqu\u00e9s de notre syndicat :<\/p>\n<\/div>","protected":false},"author":1,"featured_media":0,"parent":0,"menu_order":0,"comment_status":"closed","ping_status":"closed","template":"","meta":{"cybocfi_hide_featured_image":"","footnotes":""},"class_list":["post-78","page","type-page","status-publish","hentry"],"_links":{"self":[{"href":"http:\/\/snudifo34.fr\/index.php\/wp-json\/wp\/v2\/pages\/78","targetHints":{"allow":["GET"]}}],"collection":[{"href":"http:\/\/snudifo34.fr\/index.php\/wp-json\/wp\/v2\/pages"}],"about":[{"href":"http:\/\/snudifo34.fr\/index.php\/wp-json\/wp\/v2\/types\/page"}],"author":[{"embeddable":true,"href":"http:\/\/snudifo34.fr\/index.php\/wp-json\/wp\/v2\/users\/1"}],"replies":[{"embeddable":true,"href":"http:\/\/snudifo34.fr\/index.php\/wp-json\/wp\/v2\/comments?post=78"}],"version-history":[{"count":6,"href":"http:\/\/snudifo34.fr\/index.php\/wp-json\/wp\/v2\/pages\/78\/revisions"}],"predecessor-version":[{"id":1327,"href":"http:\/\/snudifo34.fr\/index.php\/wp-json\/wp\/v2\/pages\/78\/revisions\/1327"}],"wp:attachment":[{"href":"http:\/\/snudifo34.fr\/index.php\/wp-json\/wp\/v2\/media?parent=78"}],"curies":[{"name":"wp","href":"https:\/\/api.w.org\/{rel}","templated":true}]}}