{"id":1348,"date":"2022-08-21T17:26:16","date_gmt":"2022-08-21T15:26:16","guid":{"rendered":"http:\/\/snudifo34.fr\/?page_id=1348"},"modified":"2025-09-14T16:18:15","modified_gmt":"2025-09-14T14:18:15","slug":"stagiaires-pes","status":"publish","type":"page","link":"https:\/\/snudifo34.fr\/index.php\/stagiaires-pes\/","title":{"rendered":"Stagiaires (PES)"},"content":{"rendered":"\n<p>Vous avez r\u00e9ussi le concours de professeurs des \u00e9coles, nous vous en f\u00e9licitons.<\/p>\n\n\n\n<p>Cette ann\u00e9e va \u00eatre partag\u00e9e pour certains entre votre formation \u00e0 l\u2019INSPE et votre travail en classe et pour d\u2019autres sur votre travail en classe avec quelques p\u00e9riodes de formation. Depuis le d\u00e9but, le SNUDI FO d\u00e9nonce la masterisation et revendique une formation pleine et enti\u00e8re avec des stages en \u00e9cole. Il revendique \u00e9galement, avec sa f\u00e9d\u00e9ration FNEC FP FO le recrutement \u00e0 Bac+3.<\/p>\n\n\n\n<p>Durant cette ann\u00e9e, vous pourrez compter sur le SNUDI FO 34 pour vous aider \u00e0 chaque \u00e9tape pour vous aider!<\/p>\n\n\n\n<ul class=\"wp-block-list\">\n<li>Quels sont mes droits comme nouvel agent de la fonction publique d&rsquo;\u00e9tat?<\/li>\n\n\n\n<li>Ma fiche de paye: \u00ab\u00a0J&rsquo;y comprends rien!\u00a0\u00bb<\/li>\n\n\n\n<li>Mes conditions de travail: m&rsquo;aider \u00e0 g\u00e9rer un conflit \u00e0 l&rsquo;\u00e9cole ou avec l&rsquo;administration<\/li>\n\n\n\n<li>Mes remboursements de frais de stage<\/li>\n\n\n\n<li>Mon dossier personnel et ma titularisation<\/li>\n\n\n\n<li>Le reclassement<\/li>\n\n\n\n<li>&#8230;<\/li>\n<\/ul>\n\n\n\n<p>Fonctionnaire stagiaire, vous avez des droits, li\u00e9s \u00e0 votre statut. Personne ne peut d\u00e9fendre ses droits s\u2019il ne les conna\u00eet pas. Les droits et les garanties statutaires ne sont pas des lourdeurs archa\u00efques comme certains veulent le faire croire mais, tout au contraire, ils sont une protection pour les conditions de travail des personnels.<\/p>\n\n\n\n<figure class=\"wp-block-image size-large\"><img loading=\"lazy\" decoding=\"async\" width=\"1024\" height=\"237\" src=\"http:\/\/snudifo34.fr\/wp-content\/uploads\/2020\/12\/ENTETE-Le-MEN-uberise-1024x237.jpg\" alt=\"\" class=\"wp-image-304\" srcset=\"https:\/\/snudifo34.fr\/wp-content\/uploads\/2020\/12\/ENTETE-Le-MEN-uberise-1024x237.jpg 1024w, https:\/\/snudifo34.fr\/wp-content\/uploads\/2020\/12\/ENTETE-Le-MEN-uberise-300x69.jpg 300w, https:\/\/snudifo34.fr\/wp-content\/uploads\/2020\/12\/ENTETE-Le-MEN-uberise-768x178.jpg 768w, https:\/\/snudifo34.fr\/wp-content\/uploads\/2020\/12\/ENTETE-Le-MEN-uberise.jpg 1080w\" sizes=\"auto, (max-width: 1024px) 100vw, 1024px\" \/><\/figure>\n\n\n\n<p class=\"has-text-align-center\">A quoi sert le syndicat?<\/p>\n\n\n\n<p>Le SNUDI-FO 34 sera \u00e0 vos c\u00f4t\u00e9s pour vous informer, vous aider, faire respecter vos droits et organiser votre d\u00e9fense si besoin.<\/p>\n\n\n\n<p>Trouvez au SNUDI FO tout ce que ne vous apprend pas la FDE !<\/p>\n\n\n\n<p>N\u2019h\u00e9sitez pas \u00e0 faire appel \u00e0 nous pour toute question : cette ann\u00e9e est d\u00e9terminante, il ne faut surtout pas rester isol\u00e9, contactez nous rapidement par mail ou t\u00e9l\u00e9phone: snudi.fo34@gmail.com, et nos r\u00e9f\u00e9rents PES: Corentin <strong>06 12 80 53 26<\/strong> et Salom\u00e9 <strong>Salom\u00e9 06 11 02 42 44<\/strong><\/p>\n\n\n\n<p>Nous serons pr\u00e9sents d\u00e8s la pr\u00e9-rentr\u00e9e \u00e0 la FDE, venez nous rencontrer!<\/p>\n\n\n\n<p>N&rsquo;h\u00e9sitez pas \u00e0 <a rel=\"noreferrer noopener\" href=\"http:\/\/snudifo34.fr\/index.php\/reunions-dinformation-syndicale-ris\/\" data-type=\"page\" data-id=\"365\" target=\"_blank\"><strong>participer \u00e0 nos RIS<\/strong><\/a> et \u00e0 <a rel=\"noreferrer noopener\" href=\"http:\/\/snudifo34.fr\/index.php\/stages\/\" data-type=\"page\" data-id=\"47\" target=\"_blank\"><strong>nos stages syndicaux<\/strong><\/a>.<\/p>\n\n\n\n<p>Le syndicat, c\u2019est aussi l\u2019intervention permanente des militants FO \u00e0 tous les niveaux (minist\u00e8re, d\u00e9partement, acad\u00e9mie, INSPE\u2026) pour r\u00e9sister face au rouleau compresseur de la d\u00e9r\u00e9glementation.<br>C\u2019est pourquoi nous vous invitons \u00e0&nbsp;<strong><a href=\"http:\/\/snudifo34.fr\/index.php\/se-syndiquer\/\">vous syndiquer<\/a>&nbsp;<\/strong>d\u00e8s aujourd\u2019hui. <\/p>\n\n\n\n<p>Se syndiquer, c\u2019est s\u2019organiser pour faire d\u00e9fendre les garanties collectives des personnels. L\u2019adh\u00e9sion pour tous les stagiaires n\u2019est que de 125\u20ac pour l&rsquo;ann\u00e9e civile; \u00e0 partir de septembre, vous ne paierez qu&rsquo;au prorata des mois restants, soit 42\u20ac.<\/p>\n\n\n\n<p>Retrouvez ici notre <strong>guide syndical sp\u00e9cial stagiaires<\/strong> 2025\/26 :<\/p>\n\n\n<a href=\"https:\/\/snudifo34.fr\/wp-content\/uploads\/2025\/09\/Stagiaires-2025_26-Lg.pdf\" class=\"pdfemb-viewer\" style=\"\" data-width=\"max\" data-height=\"max\" data-toolbar=\"bottom\" data-toolbar-fixed=\"off\">Stagiaires-2025_26-Lg<\/a>\n\n\n<div class=\"wp-block-buttons is-layout-flex wp-block-buttons-is-layout-flex\">\n<div class=\"wp-block-button\"><a class=\"wp-block-button__link wp-element-button\" href=\"http:\/\/snudifo34.fr\/wp-content\/uploads\/2025\/09\/Stagiaires-2025_26-Lg.pdf\">T\u00e9l\u00e9charger<\/a><\/div>\n<\/div>\n\n\n\n<p>Et ci-dessous tous nos articles relatifs aux PES :<\/p>\n\n\n<ul class=\"wp-block-latest-posts__list wp-block-latest-posts\"><li><a class=\"wp-block-latest-posts__post-title\" href=\"https:\/\/snudifo34.fr\/index.php\/2026\/03\/15\/echo-des-mobilisations\/\">Echo des mobilisations<\/a><div class=\"wp-block-latest-posts__post-excerpt\">Enseignants, AESH, parents, lyc\u00e9ens: tous ceux qui partout en France refusent les suppressions de postes et exigent l&rsquo;ouverture des postes n\u00e9cessaires, qui refusent la militarisation <a class=\"mh-excerpt-more\" href=\"https:\/\/snudifo34.fr\/index.php\/2026\/03\/15\/echo-des-mobilisations\/\" title=\"Echo des mobilisations\">[&#8230;]<\/a><\/div><\/li>\n<li><a class=\"wp-block-latest-posts__post-title\" href=\"https:\/\/snudifo34.fr\/index.php\/2026\/03\/15\/10-mars-appel-du-comite-national-en-defense-de-lecole-publique-et-appel-des-250-manifestants-devant-le-ministere-de-leducation-nationale\/\">10 MARS: appel du COMIT\u00c9 NATIONAL EN D\u00c9FENSE DE L\u2019ECOLE PUBLIQUE et appel des 250 manifestants devant le minist\u00e8re de l&rsquo;\u00e9ducation nationale<\/a><div class=\"wp-block-latest-posts__post-excerpt\">Le comit\u00e9 national r\u00e9uni le mardi 10 mars 2026 constate que les 4000 suppressions de postes pr\u00e9vues dans le cadre du budget 2026, adopt\u00e9 par <a class=\"mh-excerpt-more\" href=\"https:\/\/snudifo34.fr\/index.php\/2026\/03\/15\/10-mars-appel-du-comite-national-en-defense-de-lecole-publique-et-appel-des-250-manifestants-devant-le-ministere-de-leducation-nationale\/\" title=\"10 MARS: appel du COMIT\u00c9 NATIONAL EN D\u00c9FENSE DE L\u2019ECOLE PUBLIQUE et appel des 250 manifestants devant le minist\u00e8re de l&rsquo;\u00e9ducation nationale\">[&#8230;]<\/a><\/div><\/li>\n<li><a class=\"wp-block-latest-posts__post-title\" href=\"https:\/\/snudifo34.fr\/index.php\/2026\/03\/11\/30-000-eleves-qui-devraient-etre-scolarises-en-esms-ny-sont-pas-faute-de-place50-000-eleves-notifies-nont-aucun-suivi-aeshca-suffit-construisons-le-rapport-de-for\/\">30 000 \u00e9l\u00e8ves qui devraient \u00eatre scolaris\u00e9s en ESMS n\u2019y sont pas faute de place\u202650 000 \u00e9l\u00e8ves notifi\u00e9s n\u2019ont aucun suivi AESH\u2026\u00c7a suffit ! Construisons le rapport de force !<\/a><div class=\"wp-block-latest-posts__post-excerpt\">La question de construire le rapport de force est plus que jamais pos\u00e9e, en lien avec la mobilisation contre les suppressions de postes du budget <a class=\"mh-excerpt-more\" href=\"https:\/\/snudifo34.fr\/index.php\/2026\/03\/11\/30-000-eleves-qui-devraient-etre-scolarises-en-esms-ny-sont-pas-faute-de-place50-000-eleves-notifies-nont-aucun-suivi-aeshca-suffit-construisons-le-rapport-de-for\/\" title=\"30 000 \u00e9l\u00e8ves qui devraient \u00eatre scolaris\u00e9s en ESMS n\u2019y sont pas faute de place\u202650 000 \u00e9l\u00e8ves notifi\u00e9s n\u2019ont aucun suivi AESH\u2026\u00c7a suffit ! Construisons le rapport de force !\">[&#8230;]<\/a><\/div><\/li>\n<li><a class=\"wp-block-latest-posts__post-title\" href=\"https:\/\/snudifo34.fr\/index.php\/2026\/02\/27\/autorisations-speciales-dabsence-un-decret-indigne-et-scandaleux\/\">Autorisations sp\u00e9ciales d&rsquo;absence: un d\u00e9cret INDIGNE ET SCANDALEUX !<\/a><div class=\"wp-block-latest-posts__post-excerpt\">Communiqu\u00e9 de presse de FO Fonction Publique<\/div><\/li>\n<li><a class=\"wp-block-latest-posts__post-title\" href=\"https:\/\/snudifo34.fr\/index.php\/2026\/02\/11\/echos-des-mobilisations-10-fevrier-et-appel-de-lag-de-paris\/\">Echos des mobilisations (10 f\u00e9vrier) et appel de l&rsquo;AG de Paris<\/a><div class=\"wp-block-latest-posts__post-excerpt\">Rectorat de Paris envahi, AESH en gr\u00e8ve en Seine St Denis et dans le Tarn: contre le budget Macron-Lecornu, en avant la mobilisation! Appel de <a class=\"mh-excerpt-more\" href=\"https:\/\/snudifo34.fr\/index.php\/2026\/02\/11\/echos-des-mobilisations-10-fevrier-et-appel-de-lag-de-paris\/\" title=\"Echos des mobilisations (10 f\u00e9vrier) et appel de l&rsquo;AG de Paris\">[&#8230;]<\/a><\/div><\/li>\n<\/ul>","protected":false},"excerpt":{"rendered":"<div class=\"mh-excerpt\"><p>Vous avez r\u00e9ussi le concours de professeurs des \u00e9coles, nous vous en f\u00e9licitons. Cette ann\u00e9e va \u00eatre partag\u00e9e pour certains entre votre formation \u00e0 l\u2019INSPE <a class=\"mh-excerpt-more\" href=\"https:\/\/snudifo34.fr\/index.php\/stagiaires-pes\/\" title=\"Stagiaires (PES)\">[&#8230;]<\/a><\/p>\n<\/div>","protected":false},"author":1,"featured_media":0,"parent":0,"menu_order":0,"comment_status":"closed","ping_status":"closed","template":"","meta":{"cybocfi_hide_featured_image":"","footnotes":""},"class_list":["post-1348","page","type-page","status-publish","hentry"],"_links":{"self":[{"href":"https:\/\/snudifo34.fr\/index.php\/wp-json\/wp\/v2\/pages\/1348","targetHints":{"allow":["GET"]}}],"collection":[{"href":"https:\/\/snudifo34.fr\/index.php\/wp-json\/wp\/v2\/pages"}],"about":[{"href":"https:\/\/snudifo34.fr\/index.php\/wp-json\/wp\/v2\/types\/page"}],"author":[{"embeddable":true,"href":"https:\/\/snudifo34.fr\/index.php\/wp-json\/wp\/v2\/users\/1"}],"replies":[{"embeddable":true,"href":"https:\/\/snudifo34.fr\/index.php\/wp-json\/wp\/v2\/comments?post=1348"}],"version-history":[{"count":12,"href":"https:\/\/snudifo34.fr\/index.php\/wp-json\/wp\/v2\/pages\/1348\/revisions"}],"predecessor-version":[{"id":7106,"href":"https:\/\/snudifo34.fr\/index.php\/wp-json\/wp\/v2\/pages\/1348\/revisions\/7106"}],"wp:attachment":[{"href":"https:\/\/snudifo34.fr\/index.php\/wp-json\/wp\/v2\/media?parent=1348"}],"curies":[{"name":"wp","href":"https:\/\/api.w.org\/{rel}","templated":true}]}}