{"id":1355,"date":"2022-08-21T17:34:02","date_gmt":"2022-08-21T15:34:02","guid":{"rendered":"http:\/\/snudifo34.fr\/?page_id=1355"},"modified":"2023-11-17T19:31:54","modified_gmt":"2023-11-17T18:31:54","slug":"ctsd-carte-scolaire","status":"publish","type":"page","link":"https:\/\/snudifo34.fr\/index.php\/ctsd-carte-scolaire\/","title":{"rendered":"CSA (ex-CTSD) \/ Carte scolaire \/ CDEN"},"content":{"rendered":"\n<p>Depuis la loi de Transformation de la Fonction Publique (loi DUSSOPT), les CSA <strong>(Comit\u00e9 Social d&rsquo;Administration<\/strong>) remplacent en les fusionnant les comit\u00e9s techniques (CTSD) et les CHSCT.<\/p>\n\n\n\n<p>Le CSA a comp\u00e9tence pour toutes les questions concernant <strong>l&rsquo;organisation et le fonctionnement des \u00e9tablissements scolaires<\/strong> des 1er et 2nd degr\u00e9s dans le d\u00e9partement et l&rsquo;acad\u00e9mie: carte scolaire, organisations des services, du remplacement, de la formation&#8230; Pr\u00e9sid\u00e9 par le DASEN, il r\u00e9unit l&rsquo;administration et les repr\u00e9sentants syndicaux.  <\/p>\n\n\n\n<p><strong>Notre syndicat y est repr\u00e9sent\u00e9 \u00e0 tous les niveaux, d\u00e9partemental, acad\u00e9mique par ses \u00e9lus FNEC FP FO<\/strong>: <\/p>\n\n\n\n<ul class=\"wp-block-list\">\n<li>Rapha\u00ebl Geng Ortoli (titulaire) et Sabine Raynaud (suppl\u00e9ante) si\u00e8gent au CSA SD, <\/li>\n\n\n\n<li>Jean Luc Dussol (titulaire) et Mathieu Marchal (suppl\u00e9ant) si\u00e8gent au CSA A<\/li>\n<\/ul>\n\n\n\n<p>Le <strong>CDEN<\/strong> (Comit\u00e9 D\u00e9partemental de l&rsquo;Education Nationale) valide les d\u00e9cisions prise lors du CSA. Pr\u00e9sid\u00e9 par le Pr\u00e9fet, il r\u00e9unit la direction acad\u00e9mique, les repr\u00e9sentants syndicaux, les collectivit\u00e9s territoriales, les f\u00e9d\u00e9rations de parents d&rsquo;\u00e9l\u00e8ves, les DDEN (d\u00e9l\u00e9gu\u00e9s d\u00e9partementaux de l&rsquo;\u00e9ducation nationale).<\/p>\n\n\n\n<p>Sabine Raynaud (titulaire) et Christ\u00e8le Faure (suppl\u00e9ante) si\u00e8gent au CDEN pour la FNEC FP FO<\/p>\n\n\n\n<p>Retrouvez ci-dessous tous les articles relatifs aux diff\u00e9rents CSA et CDEN:<\/p>\n\n\n<ul class=\"wp-block-latest-posts__list wp-block-latest-posts\"><li><a class=\"wp-block-latest-posts__post-title\" href=\"https:\/\/snudifo34.fr\/index.php\/2026\/04\/17\/compte-rendu-des-cse-du-26-mars-et-du-2-avril-2026-declaration-et-votes\/\">Compte rendu des CSE du 26 mars et du 2 avril 2026 &#8211; D\u00e9claration et votes<\/a><div class=\"wp-block-latest-posts__post-excerpt\">7 milliards en plus pour la guerre, 4 milliards en moins pour les services publics, 4000 postes d\u2019enseignants en moins. Et maintenant l\u2019annonce du premier <a class=\"mh-excerpt-more\" href=\"https:\/\/snudifo34.fr\/index.php\/2026\/04\/17\/compte-rendu-des-cse-du-26-mars-et-du-2-avril-2026-declaration-et-votes\/\" title=\"Compte rendu des CSE du 26 mars et du 2 avril 2026 &#8211; D\u00e9claration et votes\">[&#8230;]<\/a><\/div><\/li>\n<li><a class=\"wp-block-latest-posts__post-title\" href=\"https:\/\/snudifo34.fr\/index.php\/2026\/04\/17\/compte-rendu-du-csa-men-du-14-avril-2026-declaration-et-vote-du-texte-sur-les-elections-professionnelles\/\">Compte-rendu du CSA MEN du 14 avril 2026 &#8211; D\u00e9claration et vote du texte sur les \u00e9lections professionnelles<\/a><div class=\"wp-block-latest-posts__post-excerpt\">Plut\u00f4t que de r\u00e9pondre aux revendications des personnels et des parents qui se mobilisent partout en France contre la suppression des 4000 postes d\u2019enseignants, dans <a class=\"mh-excerpt-more\" href=\"https:\/\/snudifo34.fr\/index.php\/2026\/04\/17\/compte-rendu-du-csa-men-du-14-avril-2026-declaration-et-vote-du-texte-sur-les-elections-professionnelles\/\" title=\"Compte-rendu du CSA MEN du 14 avril 2026 &#8211; D\u00e9claration et vote du texte sur les \u00e9lections professionnelles\">[&#8230;]<\/a><\/div><\/li>\n<li><div class=\"wp-block-latest-posts__featured-image\"><img loading=\"lazy\" decoding=\"async\" width=\"678\" height=\"157\" src=\"https:\/\/snudifo34.fr\/wp-content\/uploads\/2023\/02\/ENTETE-CR-CSA-Carte-scolaire.jpg\" class=\"attachment-mh-magazine-lite-content size-mh-magazine-lite-content wp-post-image\" alt=\"\" style=\"\" srcset=\"https:\/\/snudifo34.fr\/wp-content\/uploads\/2023\/02\/ENTETE-CR-CSA-Carte-scolaire.jpg 678w, https:\/\/snudifo34.fr\/wp-content\/uploads\/2023\/02\/ENTETE-CR-CSA-Carte-scolaire-300x69.jpg 300w\" sizes=\"auto, (max-width: 678px) 100vw, 678px\" \/><\/div><a class=\"wp-block-latest-posts__post-title\" href=\"https:\/\/snudifo34.fr\/index.php\/2026\/04\/12\/csa-departemental-carte-scolaire-declaration-et-compte-rendu\/\">CSA d\u00e9partemental carte scolaire: d\u00e9claration et compte rendu<\/a><div class=\"wp-block-latest-posts__post-excerpt\">Il s&rsquo;est tenu le 7 avril. D\u00e9claration liminaire FO: Compte rendu:<\/div><\/li>\n<li><a class=\"wp-block-latest-posts__post-title\" href=\"https:\/\/snudifo34.fr\/index.php\/2026\/04\/08\/carte-scolaire-toutes-les-mesures-du-csa-du-7-avril\/\">Carte scolaire: toutes les mesures du CSA du 7 avril<\/a><div class=\"wp-block-latest-posts__post-excerpt\">Mise \u00e0 jour apr\u00e8s le CDEN du 16 avril: 2 annulations de fermetures ont \u00e9t\u00e9 arrach\u00e9es: \u00e0 l&rsquo;\u00e9cole Michelet \u00e0 S\u00e8te, et Richier \u00e0 Montpellier. <a class=\"mh-excerpt-more\" href=\"https:\/\/snudifo34.fr\/index.php\/2026\/04\/08\/carte-scolaire-toutes-les-mesures-du-csa-du-7-avril\/\" title=\"Carte scolaire: toutes les mesures du CSA du 7 avril\">[&#8230;]<\/a><\/div><\/li>\n<li><a class=\"wp-block-latest-posts__post-title\" href=\"https:\/\/snudifo34.fr\/index.php\/2026\/02\/04\/compte-rendu-du-csa-ministeriel-du-29-janvier-2026\/\">Compte rendu du CSA minist\u00e9riel du 29 janvier 2026<\/a><div class=\"wp-block-latest-posts__post-excerpt\">4 textes \u00e9taient \u00e0 l\u2019ordre du jour. Ils concernent la r\u00e9forme de la formation initiale et des concours enseignants.<\/div><\/li>\n<\/ul>","protected":false},"excerpt":{"rendered":"<div class=\"mh-excerpt\"><p>Depuis la loi de Transformation de la Fonction Publique (loi DUSSOPT), les CSA (Comit\u00e9 Social d&rsquo;Administration) remplacent en les fusionnant les comit\u00e9s techniques (CTSD) et <a class=\"mh-excerpt-more\" href=\"https:\/\/snudifo34.fr\/index.php\/ctsd-carte-scolaire\/\" title=\"CSA (ex-CTSD) \/ Carte scolaire \/ CDEN\">[&#8230;]<\/a><\/p>\n<\/div>","protected":false},"author":1,"featured_media":0,"parent":0,"menu_order":0,"comment_status":"closed","ping_status":"closed","template":"","meta":{"cybocfi_hide_featured_image":"","footnotes":""},"class_list":["post-1355","page","type-page","status-publish","hentry"],"_links":{"self":[{"href":"https:\/\/snudifo34.fr\/index.php\/wp-json\/wp\/v2\/pages\/1355","targetHints":{"allow":["GET"]}}],"collection":[{"href":"https:\/\/snudifo34.fr\/index.php\/wp-json\/wp\/v2\/pages"}],"about":[{"href":"https:\/\/snudifo34.fr\/index.php\/wp-json\/wp\/v2\/types\/page"}],"author":[{"embeddable":true,"href":"https:\/\/snudifo34.fr\/index.php\/wp-json\/wp\/v2\/users\/1"}],"replies":[{"embeddable":true,"href":"https:\/\/snudifo34.fr\/index.php\/wp-json\/wp\/v2\/comments?post=1355"}],"version-history":[{"count":9,"href":"https:\/\/snudifo34.fr\/index.php\/wp-json\/wp\/v2\/pages\/1355\/revisions"}],"predecessor-version":[{"id":4964,"href":"https:\/\/snudifo34.fr\/index.php\/wp-json\/wp\/v2\/pages\/1355\/revisions\/4964"}],"wp:attachment":[{"href":"https:\/\/snudifo34.fr\/index.php\/wp-json\/wp\/v2\/media?parent=1355"}],"curies":[{"name":"wp","href":"https:\/\/api.w.org\/{rel}","templated":true}]}}

<p>Depuis la loi de Transformation de la Fonction Publique (loi DUSSOPT), les CSA <strong>(Comité Social d&rsquo;Administration</strong>) remplacent en les fusionnant les comités techniques (CTSD) et les CHSCT.</p>



<p>Le CSA a compétence pour toutes les questions concernant <strong>l&rsquo;organisation et le fonctionnement des établissements scolaires</strong> des 1er et 2nd degrés dans le département et l&rsquo;académie: carte scolaire, organisations des services, du remplacement, de la formation&#8230; Présidé par le DASEN, il réunit l&rsquo;administration et les représentants syndicaux.  </p>



<p><strong>Notre syndicat y est représenté à tous les niveaux, départemental, académique par ses élus FNEC FP FO</strong>: </p>



<ul class="wp-block-list">
<li>Raphaël Geng Ortoli (titulaire) et Sabine Raynaud (suppléante) siègent au CSA SD, </li>



<li>Jean Luc Dussol (titulaire) et Mathieu Marchal (suppléant) siègent au CSA A</li>
</ul>



<p>Le <strong>CDEN</strong> (Comité Départemental de l&rsquo;Education Nationale) valide les décisions prise lors du CSA. Présidé par le Préfet, il réunit la direction académique, les représentants syndicaux, les collectivités territoriales, les fédérations de parents d&rsquo;élèves, les DDEN (délégués départementaux de l&rsquo;éducation nationale).</p>



<p>Sabine Raynaud (titulaire) et Christèle Faure (suppléante) siègent au CDEN pour la FNEC FP FO</p>



<p>Retrouvez ci-dessous tous les articles relatifs aux différents CSA et CDEN:</p>


<ul class="wp-block-latest-posts__list wp-block-latest-posts"><li><a class="wp-block-latest-posts__post-title" href="https://snudifo34.fr/index.php/2026/04/17/compte-rendu-des-cse-du-26-mars-et-du-2-avril-2026-declaration-et-votes/">Compte rendu des CSE du 26 mars et du 2 avril 2026 &#8211; Déclaration et votes</a><div class="wp-block-latest-posts__post-excerpt">7 milliards en plus pour la guerre, 4 milliards en moins pour les services publics, 4000 postes d’enseignants en moins. Et maintenant l’annonce du premier <a class="mh-excerpt-more" href="https://snudifo34.fr/index.php/2026/04/17/compte-rendu-des-cse-du-26-mars-et-du-2-avril-2026-declaration-et-votes/" title="Compte rendu des CSE du 26 mars et du 2 avril 2026 &#8211; Déclaration et votes">[&#8230;]</a></div></li>
<li><a class="wp-block-latest-posts__post-title" href="https://snudifo34.fr/index.php/2026/04/17/compte-rendu-du-csa-men-du-14-avril-2026-declaration-et-vote-du-texte-sur-les-elections-professionnelles/">Compte-rendu du CSA MEN du 14 avril 2026 &#8211; Déclaration et vote du texte sur les élections professionnelles</a><div class="wp-block-latest-posts__post-excerpt">Plutôt que de répondre aux revendications des personnels et des parents qui se mobilisent partout en France contre la suppression des 4000 postes d’enseignants, dans <a class="mh-excerpt-more" href="https://snudifo34.fr/index.php/2026/04/17/compte-rendu-du-csa-men-du-14-avril-2026-declaration-et-vote-du-texte-sur-les-elections-professionnelles/" title="Compte-rendu du CSA MEN du 14 avril 2026 &#8211; Déclaration et vote du texte sur les élections professionnelles">[&#8230;]</a></div></li>
<li><div class="wp-block-latest-posts__featured-image"><img loading="lazy" decoding="async" width="678" height="157" src="https://snudifo34.fr/wp-content/uploads/2023/02/ENTETE-CR-CSA-Carte-scolaire.jpg" class="attachment-mh-magazine-lite-content size-mh-magazine-lite-content wp-post-image" alt="" style="" srcset="https://snudifo34.fr/wp-content/uploads/2023/02/ENTETE-CR-CSA-Carte-scolaire.jpg 678w, https://snudifo34.fr/wp-content/uploads/2023/02/ENTETE-CR-CSA-Carte-scolaire-300x69.jpg 300w" sizes="auto, (max-width: 678px) 100vw, 678px" /></div><a class="wp-block-latest-posts__post-title" href="https://snudifo34.fr/index.php/2026/04/12/csa-departemental-carte-scolaire-declaration-et-compte-rendu/">CSA départemental carte scolaire: déclaration et compte rendu</a><div class="wp-block-latest-posts__post-excerpt">Il s&rsquo;est tenu le 7 avril. Déclaration liminaire FO: Compte rendu:</div></li>
<li><a class="wp-block-latest-posts__post-title" href="https://snudifo34.fr/index.php/2026/04/08/carte-scolaire-toutes-les-mesures-du-csa-du-7-avril/">Carte scolaire: toutes les mesures du CSA du 7 avril</a><div class="wp-block-latest-posts__post-excerpt">Mise à jour après le CDEN du 16 avril: 2 annulations de fermetures ont été arrachées: à l&rsquo;école Michelet à Sète, et Richier à Montpellier. <a class="mh-excerpt-more" href="https://snudifo34.fr/index.php/2026/04/08/carte-scolaire-toutes-les-mesures-du-csa-du-7-avril/" title="Carte scolaire: toutes les mesures du CSA du 7 avril">[&#8230;]</a></div></li>
<li><a class="wp-block-latest-posts__post-title" href="https://snudifo34.fr/index.php/2026/02/04/compte-rendu-du-csa-ministeriel-du-29-janvier-2026/">Compte rendu du CSA ministériel du 29 janvier 2026</a><div class="wp-block-latest-posts__post-excerpt">4 textes étaient à l’ordre du jour. Ils concernent la réforme de la formation initiale et des concours enseignants.</div></li>
</ul>

<div class="mh-excerpt"><p>Depuis la loi de Transformation de la Fonction Publique (loi DUSSOPT), les CSA (Comité Social d&rsquo;Administration) remplacent en les fusionnant les comités techniques (CTSD) et <a class="mh-excerpt-more" href="https://snudifo34.fr/index.php/ctsd-carte-scolaire/" title="CSA (ex-CTSD) / Carte scolaire / CDEN">[&#8230;]</a></p>
</div>
