{"id":1489,"date":"2022-09-17T12:41:28","date_gmt":"2022-09-17T10:41:28","guid":{"rendered":"http:\/\/snudifo34.fr\/?page_id=1489"},"modified":"2022-09-17T12:41:28","modified_gmt":"2022-09-17T10:41:28","slug":"ineat-exeat","status":"publish","type":"page","link":"https:\/\/snudifo34.fr\/index.php\/ineat-exeat\/","title":{"rendered":"INEAT \/ EXEAT"},"content":{"rendered":"\n<p>Il s\u2019agit de mutations entre d\u00e9partements par voie d\u2019exeat et d\u2019ineat directs non compens\u00e9s&nbsp;sous la seule autorit\u00e9 des IA concern\u00e9s:<\/p>\n\n\n\n<p>&#8211; l\u2019exeat \u00e9tant l\u2019autorisation de l\u2019I.A du d\u00e9partement d\u2019origine d\u2019en sortir<\/p>\n\n\n\n<p>&#8211; l\u2019ineat \u00e9tant l\u2019autorisation de l\u2019I.A du d\u00e9partement d\u2019accueil d\u2019y entrer<\/p>\n\n\n\n<h2 class=\"wp-block-heading\"><strong>D\u00e9marche et constitution du dossier<\/strong><\/h2>\n\n\n\n<p>\u00e0 Envoyer<strong> <a href=\"https:\/\/www.snudifo75.com\/files\/exeat-ineat.doc\">une demande d\u2019exeat et d\u2019ineat<\/a> <\/strong>\u00e0 l\u2019IA du d\u00e9partement d\u2019origine. L\u2019administration est cens\u00e9e faire suivre le dossier en cas d\u2019obtention de l\u2019exeat. Mais le syndicat conseille d\u2019envoyer directement un double de la demande d\u2019ineat \u00e0 l\u2019IA du d\u00e9partement d\u2019accueil.<\/p>\n\n\n\n<p>\u00e0 Joindre une lettre de demande motiv\u00e9e, des pi\u00e8ces justificatives&nbsp;: certificat de mariage ou de concubinage, photocopie du livret de famille, \u00e9ventuellement un dossier m\u00e9dical ou social, une attestation de l\u2019employeur que le conjoint travaille bien dans le d\u00e9partement demand\u00e9\u2026<\/p>\n\n\n\n<h2 class=\"wp-block-heading\"><strong>Proc\u00e9dure<\/strong><\/h2>\n\n\n\n<p>&nbsp;La Proc\u00e9dure d\u2019Exeat est-elle un droit pour les personnels&nbsp;?<\/p>\n\n\n\n<p>Non, l\u2019octroi des exeat (et ineat) rel\u00e8ve de la seule autorit\u00e9 du DASEN. La Circulaire minist\u00e9rielle qui para\u00eet chaque ann\u00e9e scolaire dans le B.O le rappelle dans ces termes&nbsp;: \u00ab&nbsp;&nbsp;A l\u2019issue de la proc\u00e9dure informatis\u00e9e, les inspecteurs d\u2019acad\u00e9mie peuvent organiser un mouvement compl\u00e9mentaire manuel et prononcer, apr\u00e8s avis de la CAPD, des mutations par exeat et ineat directs non compens\u00e9s si la situation pr\u00e9visible des effectifs dans le d\u00e9partement au jour de la prochaine rentr\u00e9e scolaire para\u00eet devoir l\u2019autoriser&nbsp;\u00bb.<\/p>\n\n\n\n<p>M\u00eame si le d\u00e9partement d\u2019origine est en surnombre et que le d\u00e9partement sollicit\u00e9 est en sous effectif, l\u2019IA n\u2019a pas de comp\u00e9tence li\u00e9e pour accorder un exeat&nbsp;: \u00ab&nbsp;l\u2019administration, pour d\u00e9terminer le nombre d\u2019exeat qu\u2019elle est \u00e0 m\u00eame de d\u00e9livrer, peut prendre en compte la situation pr\u00e9visionnelle de l\u2019emploi dans un d\u00e9partement ind\u00e9pendamment de celle pouvant pr\u00e9valoir dans les autres d\u00e9partements&nbsp;\u00bb&nbsp;: TA de Cergy Pontoise du 6 juillet 2006 Mme B (La LIJ n\u00b0 111 de janvier 2007 p.10). A noter que ce ph\u00e9nom\u00e8ne des \u00e9quilibres budg\u00e9taires des effectifs est accentu\u00e9 par la LOLF.<\/p>\n\n\n\n<h2 class=\"wp-block-heading\"><strong>L\u2019exeat doit \u00eatre accord\u00e9 avant l\u2019ineat<\/strong><\/h2>\n\n\n\n<p>Une fois l\u2019exeat accord\u00e9 sans r\u00e9serve, l\u2019Inspecteur d\u2019Acad\u00e9mie ne peut revenir sur sa d\u00e9cision.<\/p>\n\n\n\n<h2 class=\"wp-block-heading\"><strong>N\u00e9cessit\u00e9 d\u2019avoir particip\u00e9 \u00e0 la phase des mutations informatis\u00e9es<\/strong><\/h2>\n\n\n\n<p>Depuis plusieurs ann\u00e9es, la circulaire minist\u00e9rielle pr\u00e9cise que les enseignants qui d\u00e9sirent \u00eatre candidats \u00e0 un exeat devront participer \u00e0 l\u2019ensemble des proc\u00e9dures de mutations interd\u00e9partementales.<\/p>\n\n\n\n<p>\u00ab&nbsp;En dehors des situations particuli\u00e8res appr\u00e9ci\u00e9es par vous (les IA), cette phase d\u2019ajustement ne peut concerner que les personnels ayant pr\u00e9alablement particip\u00e9 au mouvement informatis\u00e9 ou dont la mutation du conjoint est connue apr\u00e8s le 28 f\u00e9vrier de l\u2019ann\u00e9e scolaire en cours&nbsp;\u00bb<\/p>\n","protected":false},"excerpt":{"rendered":"<div class=\"mh-excerpt\"><p>Il s\u2019agit de mutations entre d\u00e9partements par voie d\u2019exeat et d\u2019ineat directs non compens\u00e9s&nbsp;sous la seule autorit\u00e9 des IA concern\u00e9s: &#8211; l\u2019exeat \u00e9tant l\u2019autorisation de <a class=\"mh-excerpt-more\" href=\"https:\/\/snudifo34.fr\/index.php\/ineat-exeat\/\" title=\"INEAT \/ EXEAT\">[&#8230;]<\/a><\/p>\n<\/div>","protected":false},"author":1,"featured_media":0,"parent":0,"menu_order":0,"comment_status":"closed","ping_status":"closed","template":"","meta":{"cybocfi_hide_featured_image":"","footnotes":""},"class_list":["post-1489","page","type-page","status-publish","hentry"],"_links":{"self":[{"href":"https:\/\/snudifo34.fr\/index.php\/wp-json\/wp\/v2\/pages\/1489","targetHints":{"allow":["GET"]}}],"collection":[{"href":"https:\/\/snudifo34.fr\/index.php\/wp-json\/wp\/v2\/pages"}],"about":[{"href":"https:\/\/snudifo34.fr\/index.php\/wp-json\/wp\/v2\/types\/page"}],"author":[{"embeddable":true,"href":"https:\/\/snudifo34.fr\/index.php\/wp-json\/wp\/v2\/users\/1"}],"replies":[{"embeddable":true,"href":"https:\/\/snudifo34.fr\/index.php\/wp-json\/wp\/v2\/comments?post=1489"}],"version-history":[{"count":1,"href":"https:\/\/snudifo34.fr\/index.php\/wp-json\/wp\/v2\/pages\/1489\/revisions"}],"predecessor-version":[{"id":1491,"href":"https:\/\/snudifo34.fr\/index.php\/wp-json\/wp\/v2\/pages\/1489\/revisions\/1491"}],"wp:attachment":[{"href":"https:\/\/snudifo34.fr\/index.php\/wp-json\/wp\/v2\/media?parent=1489"}],"curies":[{"name":"wp","href":"https:\/\/api.w.org\/{rel}","templated":true}]}}