{"id":1600,"date":"2022-10-17T19:57:20","date_gmt":"2022-10-17T17:57:20","guid":{"rendered":"http:\/\/snudifo34.fr\/?page_id=1600"},"modified":"2023-01-08T10:29:55","modified_gmt":"2023-01-08T09:29:55","slug":"petition-droits-bafoues-assez","status":"publish","type":"page","link":"https:\/\/snudifo34.fr\/index.php\/petition-droits-bafoues-assez\/","title":{"rendered":"PETITION : DROITS BAFOUES, ASSEZ\u00a0!"},"content":{"rendered":"\n<h2 class=\"has-vivid-red-color has-text-color wp-block-heading\"><strong>LES RIS PEUVENT REMPLACER DES ANIMATIONS PEDAGOGIQUES<\/strong><\/h2>\n\n\n\n<div class=\"wp-block-contact-form-7-contact-form-selector\">\n<div class=\"wpcf7 no-js\" id=\"wpcf7-f1599-o1\" lang=\"fr-FR\" dir=\"ltr\" data-wpcf7-id=\"1599\">\n<div class=\"screen-reader-response\"><p role=\"status\" aria-live=\"polite\" aria-atomic=\"true\"><\/p> <ul><\/ul><\/div>\n<form action=\"\/index.php\/wp-json\/wp\/v2\/pages\/1600#wpcf7-f1599-o1\" method=\"post\" class=\"wpcf7-form init\" aria-label=\"Formulaire de contact\" novalidate=\"novalidate\" data-status=\"init\">\n<fieldset class=\"hidden-fields-container\"><input type=\"hidden\" name=\"_wpcf7\" value=\"1599\" \/><input type=\"hidden\" name=\"_wpcf7_version\" value=\"6.1.5\" \/><input type=\"hidden\" name=\"_wpcf7_locale\" value=\"fr_FR\" \/><input type=\"hidden\" name=\"_wpcf7_unit_tag\" value=\"wpcf7-f1599-o1\" \/><input type=\"hidden\" name=\"_wpcf7_container_post\" value=\"0\" \/><input type=\"hidden\" name=\"_wpcf7_posted_data_hash\" value=\"\" \/><input type=\"hidden\" name=\"_extcf7_conditional_options\" value=\"{&quot;form_id&quot;:1599,&quot;conditions&quot;:[]}\" \/><input type=\"hidden\" name=\"_extcf7_redirect_options\" value=\"{&quot;form_id&quot;:1599,&quot;redirect_options&quot;:{&quot;redirection_enable&quot;:&quot;off&quot;,&quot;custom_url_enable&quot;:&quot;off&quot;,&quot;redirect_page&quot;:&quot;&quot;,&quot;custom_urle&quot;:&quot;&quot;,&quot;redirect_new_tab&quot;:&quot;off&quot;,&quot;js_action&quot;:&quot;off&quot;,&quot;javascript_code&quot;:&quot;&quot;}}\" \/>\n<\/fieldset>\n<p>Monsieur le DASEN de l'H\u00e9rault,\n<\/p>\n<p>Depuis 2020, nous, les professeurs des \u00e9coles de l'H\u00e9rault, sommes dans une situation inacceptable : votre note d\u00e9partementale restreint l'exercice du droit syndical en interdisant aux enseignants de d\u00e9duire les heures pass\u00e9es en r\u00e9unions d'informations syndicales (RIS) de leurs heures d'animations p\u00e9dagogiques.\n<\/p>\n<p>Ce droit est r\u00e9glement\u00e9 nationalement par la circulaire de 20141 : <i>\u00ab si les RIS ont vocation \u00e0 s'imputer sur l'enveloppe des 108h consacr\u00e9es par les enseignants \u00e0 des activit\u00e9s autres que d'enseignement, il convient de concilier le souci d'assurer la continuit\u00e9 de la prise en charge des \u00e9l\u00e8ves avec le droit \u00e0 l'information syndicale en veillant \u00e0 pr\u00e9server le temps consacr\u00e9 aux activit\u00e9s p\u00e9dagogiques compl\u00e9mentaires (APC). \u00bb<\/i>\n<\/p>\n<p>L'esprit de ce texte est donc de pouvoir imputer les RIS hors temps scolaire sur toutes les 108h sauf les APC.\n<\/p>\n<p>Or dans la note d\u00e9partementale est ajout\u00e9 une restriction suppl\u00e9mentaire : <i>\u00ab deux demi-journ\u00e9es peuvent \u00eatre prises sur les 108h (hors APC et <u>hors animations p\u00e9dagogiques)<\/u> \u00bb<\/i>\n<\/p>\n<p>L'H\u00e9rault est le seul d\u00e9partement \u00e0 subir cette exception.\n<\/p>\n<p>Quand un syndicat a demand\u00e9 pour quelles raisons en audience l'an dernier la r\u00e9ponse a \u00e9t\u00e9 : \u00ab parce que la formation est prioritaire. \u00bb\n<\/p>\n<p>Voici la logique et le lien avec les \u00ab constellations \u00bb : il s'agit ni plus ni moins de contraindre tous les coll\u00e8gues \u00e0 participer \u00e0 ces soi-disant formations que sont les plans fran\u00e7ais et maths, qui cherchent \u00e0 astreindre les enseignants \u00e0 s'observer entre eux et ainsi porter des jugements sur les pratiques de leurs coll\u00e8gues. C'est le cadre de l'accompagnement permanent du PPCR, qui remet en cause le professionnalisme, la libert\u00e9 p\u00e9dagogique et donc le statut des enseignants.\n<\/p>\n<p>Dans les autres d\u00e9partements, des milliers de coll\u00e8gues utilisent leur droit aux RIS pour protester contre ces \u00ab formations obligatoires \u00bb contraires \u00e0 nos ORS.\n<\/p>\n<p>C'est cela que vous vous acharnez \u00e0 supprimer. Tout \u00e0 votre z\u00e8le dans l'application des directives minist\u00e9rielles, aucun enseignant ne doit pouvoir \u00e9chapper \u00e0 la doxa gouvernementale sur les fondamentaux.\n<\/p>\n<p>C'est inacceptable pour l\u2019ensemble de notre profession.\n<\/p>\n<p>Aussi, nous refusons que nos droits soient bafou\u00e9s plus longtemps.\n<\/p>\n<p>Notre d\u00e9partement n'est pas une r\u00e9publique autonome dans laquelle les textes nationaux peuvent \u00eatre modifi\u00e9s.\n<\/p>\n<p><b>Monsieur le DASEN, nous vous demandons donc le retrait imm\u00e9diat de cette note d\u00e9partementale et le r\u00e9tablissement des r\u00e8gles nationales sur l'exercice du droit syndical : pouvoir d\u00e9duire les RIS hors temps scolaire des animations p\u00e9dagogiques.<\/b>\n<\/p>\n<p>Par ailleurs, nous continuerons \u00e0 demander :<br \/>\n\u2022 le retour au libre choix des animations p\u00e9dagogiques<br \/>\n\u2022 l'abandon des constellations et des \u00e9valuations d'\u00e9coles\n<\/p>\n<p><i>P\u00e9tition \u00e0 l'initiative du Snudi-FO 34<\/i>\n<\/p>\n<p><span class=\"wpcf7-form-control-wrap\" data-name=\"je-signe\"><span class=\"wpcf7-form-control wpcf7-acceptance\"><span class=\"wpcf7-list-item\"><label><input type=\"checkbox\" name=\"je-signe\" value=\"1\" aria-invalid=\"false\" \/><span class=\"wpcf7-list-item-label\"><b>Je signe cette p\u00e9tition<\/b><\/span><\/label><\/span><\/span><\/span>\n<\/p>\n<p><label> <b>Nom*<br \/>\n<span class=\"wpcf7-form-control-wrap\" data-name=\"your-name\"><input size=\"40\" maxlength=\"400\" class=\"wpcf7-form-control wpcf7-text wpcf7-validates-as-required\" aria-required=\"true\" aria-invalid=\"false\" value=\"\" type=\"text\" name=\"your-name\" \/><\/span> <\/b><\/label>\n<\/p>\n<p><label> Pr\u00e9nom*<br \/>\n<span class=\"wpcf7-form-control-wrap\" data-name=\"prenom\"><input size=\"40\" maxlength=\"400\" class=\"wpcf7-form-control wpcf7-text wpcf7-validates-as-required\" aria-required=\"true\" aria-invalid=\"false\" value=\"\" type=\"text\" name=\"prenom\" \/><\/span> <\/label>\n<\/p>\n<p><label> Adresse email*<br \/>\n<span class=\"wpcf7-form-control-wrap\" data-name=\"your-email\"><input size=\"40\" maxlength=\"400\" class=\"wpcf7-form-control wpcf7-email wpcf7-validates-as-required wpcf7-text wpcf7-validates-as-email\" aria-required=\"true\" aria-invalid=\"false\" value=\"\" type=\"email\" name=\"your-email\" \/><\/span> <\/label>\n<\/p>\n<p><input class=\"wpcf7-form-control wpcf7-submit has-spinner\" type=\"submit\" value=\"Signer la p\u00e9tition\" \/>\n<\/p>\n<p>Les informations recueillies dans le questionnaire sont enregistr\u00e9es dans un fichier informatis\u00e9 par le SNUDI-FO 34.<br \/>\nVous pouvez acc\u00e9der aux donn\u00e9es vous concernant, les rectifier, demander leur effacement ou exercer votre droit \u00e0 la limitation du traitement de vos donn\u00e9es.<br \/>\nConsultez le site cnil.fr pour plus d\u2019informations sur vos droits.<br \/>\nPour exercer ces droits ou pour toute question sur le traitement de vos donn\u00e9es dans ce dispositif, vous pouvez contacter le SNUDI6FO 34.<br \/>\nSi vous estimez, apr\u00e8s nous avoir contact\u00e9s, que vos droits \u00ab Informatique et Libert\u00e9s \u00bb ne sont pas respect\u00e9s, vous pouvez adresser une r\u00e9clamation \u00e0 la CNIL.\n<\/p><div class=\"wpcf7-response-output\" aria-hidden=\"true\"><\/div>\n<\/form>\n<\/div>\n<\/div>\n","protected":false},"excerpt":{"rendered":"<div class=\"mh-excerpt\"><p>LES RIS PEUVENT REMPLACER DES ANIMATIONS PEDAGOGIQUES<\/p>\n<\/div>","protected":false},"author":1,"featured_media":0,"parent":0,"menu_order":0,"comment_status":"closed","ping_status":"closed","template":"","meta":{"cybocfi_hide_featured_image":"","footnotes":""},"class_list":["post-1600","page","type-page","status-publish","hentry"],"_links":{"self":[{"href":"https:\/\/snudifo34.fr\/index.php\/wp-json\/wp\/v2\/pages\/1600","targetHints":{"allow":["GET"]}}],"collection":[{"href":"https:\/\/snudifo34.fr\/index.php\/wp-json\/wp\/v2\/pages"}],"about":[{"href":"https:\/\/snudifo34.fr\/index.php\/wp-json\/wp\/v2\/types\/page"}],"author":[{"embeddable":true,"href":"https:\/\/snudifo34.fr\/index.php\/wp-json\/wp\/v2\/users\/1"}],"replies":[{"embeddable":true,"href":"https:\/\/snudifo34.fr\/index.php\/wp-json\/wp\/v2\/comments?post=1600"}],"version-history":[{"count":28,"href":"https:\/\/snudifo34.fr\/index.php\/wp-json\/wp\/v2\/pages\/1600\/revisions"}],"predecessor-version":[{"id":2019,"href":"https:\/\/snudifo34.fr\/index.php\/wp-json\/wp\/v2\/pages\/1600\/revisions\/2019"}],"wp:attachment":[{"href":"https:\/\/snudifo34.fr\/index.php\/wp-json\/wp\/v2\/media?parent=1600"}],"curies":[{"name":"wp","href":"https:\/\/api.w.org\/{rel}","templated":true}]}}

<h2 class="has-vivid-red-color has-text-color wp-block-heading"><strong>LES RIS PEUVENT REMPLACER DES ANIMATIONS PEDAGOGIQUES</strong></h2>



<div class="wp-block-contact-form-7-contact-form-selector">
<div class="wpcf7 no-js" id="wpcf7-f1599-o1" lang="fr-FR" dir="ltr" data-wpcf7-id="1599">
<div class="screen-reader-response"><p role="status" aria-live="polite" aria-atomic="true"></p> <ul></ul></div>
<form action="/index.php/wp-json/wp/v2/pages/1600#wpcf7-f1599-o1" method="post" class="wpcf7-form init" aria-label="Formulaire de contact" novalidate="novalidate" data-status="init">
<fieldset class="hidden-fields-container"><input type="hidden" name="_wpcf7" value="1599" /><input type="hidden" name="_wpcf7_version" value="6.1.5" /><input type="hidden" name="_wpcf7_locale" value="fr_FR" /><input type="hidden" name="_wpcf7_unit_tag" value="wpcf7-f1599-o1" /><input type="hidden" name="_wpcf7_container_post" value="0" /><input type="hidden" name="_wpcf7_posted_data_hash" value="" /><input type="hidden" name="_extcf7_conditional_options" value="{&quot;form_id&quot;:1599,&quot;conditions&quot;:[]}" /><input type="hidden" name="_extcf7_redirect_options" value="{&quot;form_id&quot;:1599,&quot;redirect_options&quot;:{&quot;redirection_enable&quot;:&quot;off&quot;,&quot;custom_url_enable&quot;:&quot;off&quot;,&quot;redirect_page&quot;:&quot;&quot;,&quot;custom_urle&quot;:&quot;&quot;,&quot;redirect_new_tab&quot;:&quot;off&quot;,&quot;js_action&quot;:&quot;off&quot;,&quot;javascript_code&quot;:&quot;&quot;}}" />
</fieldset>
<p>Monsieur le DASEN de l'Hérault,
</p>
<p>Depuis 2020, nous, les professeurs des écoles de l'Hérault, sommes dans une situation inacceptable : votre note départementale restreint l'exercice du droit syndical en interdisant aux enseignants de déduire les heures passées en réunions d'informations syndicales (RIS) de leurs heures d'animations pédagogiques.
</p>
<p>Ce droit est réglementé nationalement par la circulaire de 20141 : <i>« si les RIS ont vocation à s'imputer sur l'enveloppe des 108h consacrées par les enseignants à des activités autres que d'enseignement, il convient de concilier le souci d'assurer la continuité de la prise en charge des élèves avec le droit à l'information syndicale en veillant à préserver le temps consacré aux activités pédagogiques complémentaires (APC). »</i>
</p>
<p>L'esprit de ce texte est donc de pouvoir imputer les RIS hors temps scolaire sur toutes les 108h sauf les APC.
</p>
<p>Or dans la note départementale est ajouté une restriction supplémentaire : <i>« deux demi-journées peuvent être prises sur les 108h (hors APC et <u>hors animations pédagogiques)</u> »</i>
</p>
<p>L'Hérault est le seul département à subir cette exception.
</p>
<p>Quand un syndicat a demandé pour quelles raisons en audience l'an dernier la réponse a été : « parce que la formation est prioritaire. »
</p>
<p>Voici la logique et le lien avec les « constellations » : il s'agit ni plus ni moins de contraindre tous les collègues à participer à ces soi-disant formations que sont les plans français et maths, qui cherchent à astreindre les enseignants à s'observer entre eux et ainsi porter des jugements sur les pratiques de leurs collègues. C'est le cadre de l'accompagnement permanent du PPCR, qui remet en cause le professionnalisme, la liberté pédagogique et donc le statut des enseignants.
</p>
<p>Dans les autres départements, des milliers de collègues utilisent leur droit aux RIS pour protester contre ces « formations obligatoires » contraires à nos ORS.
</p>
<p>C'est cela que vous vous acharnez à supprimer. Tout à votre zèle dans l'application des directives ministérielles, aucun enseignant ne doit pouvoir échapper à la doxa gouvernementale sur les fondamentaux.
</p>
<p>C'est inacceptable pour l’ensemble de notre profession.
</p>
<p>Aussi, nous refusons que nos droits soient bafoués plus longtemps.
</p>
<p>Notre département n'est pas une république autonome dans laquelle les textes nationaux peuvent être modifiés.
</p>
<p><b>Monsieur le DASEN, nous vous demandons donc le retrait immédiat de cette note départementale et le rétablissement des règles nationales sur l'exercice du droit syndical : pouvoir déduire les RIS hors temps scolaire des animations pédagogiques.</b>
</p>
<p>Par ailleurs, nous continuerons à demander :<br />
• le retour au libre choix des animations pédagogiques<br />
• l'abandon des constellations et des évaluations d'écoles
</p>
<p><i>Pétition à l'initiative du Snudi-FO 34</i>
</p>
<p><span class="wpcf7-form-control-wrap" data-name="je-signe"><span class="wpcf7-form-control wpcf7-acceptance"><span class="wpcf7-list-item"><label><input type="checkbox" name="je-signe" value="1" aria-invalid="false" /><span class="wpcf7-list-item-label"><b>Je signe cette pétition</b></span></label></span></span></span>
</p>
<p><label> <b>Nom*<br />
<span class="wpcf7-form-control-wrap" data-name="your-name"><input size="40" maxlength="400" class="wpcf7-form-control wpcf7-text wpcf7-validates-as-required" aria-required="true" aria-invalid="false" value="" type="text" name="your-name" /></span> </b></label>
</p>
<p><label> Prénom*<br />
<span class="wpcf7-form-control-wrap" data-name="prenom"><input size="40" maxlength="400" class="wpcf7-form-control wpcf7-text wpcf7-validates-as-required" aria-required="true" aria-invalid="false" value="" type="text" name="prenom" /></span> </label>
</p>
<p><label> Adresse email*<br />
<span class="wpcf7-form-control-wrap" data-name="your-email"><input size="40" maxlength="400" class="wpcf7-form-control wpcf7-email wpcf7-validates-as-required wpcf7-text wpcf7-validates-as-email" aria-required="true" aria-invalid="false" value="" type="email" name="your-email" /></span> </label>
</p>
<p><input class="wpcf7-form-control wpcf7-submit has-spinner" type="submit" value="Signer la pétition" />
</p>
<p>Les informations recueillies dans le questionnaire sont enregistrées dans un fichier informatisé par le SNUDI-FO 34.<br />
Vous pouvez accéder aux données vous concernant, les rectifier, demander leur effacement ou exercer votre droit à la limitation du traitement de vos données.<br />
Consultez le site cnil.fr pour plus d’informations sur vos droits.<br />
Pour exercer ces droits ou pour toute question sur le traitement de vos données dans ce dispositif, vous pouvez contacter le SNUDI6FO 34.<br />
Si vous estimez, après nous avoir contactés, que vos droits « Informatique et Libertés » ne sont pas respectés, vous pouvez adresser une réclamation à la CNIL.
</p><div class="wpcf7-response-output" aria-hidden="true"></div>
</form>
</div>
</div>
