{"id":365,"date":"2021-01-13T13:29:25","date_gmt":"2021-01-13T12:29:25","guid":{"rendered":"http:\/\/snudifo34.fr\/?page_id=365"},"modified":"2024-05-31T19:59:08","modified_gmt":"2024-05-31T17:59:08","slug":"reunions-dinformation-syndicale-ris","status":"publish","type":"page","link":"https:\/\/snudifo34.fr\/index.php\/reunions-dinformation-syndicale-ris\/","title":{"rendered":"R\u00e9unions d&rsquo;information syndicale (RIS)"},"content":{"rendered":"\n<p>Une RIS est une <strong>R\u00e9union d&rsquo;Information Syndicale<\/strong>. Elle est <strong>ouverte <\/strong>\u00e0 toutes et \u00e0 tous, syndiqu\u00e9s et non syndiqu\u00e9s.<\/p>\n\n\n\n<p>Les professeurs des \u00e9coles ont droit \u00e0 <strong>3 RIS <\/strong>dans l&rsquo;ann\u00e9e scolaire :<\/p>\n\n\n\n<ul class=\"wp-block-list\">\n<li><strong>Deux&nbsp;RIS&nbsp;sur les 108h : <\/strong>il suffit d&rsquo;informer votre IEN 48h \u00e0 l&rsquo;avance que vous assisterez \u00e0 une&nbsp;Ris, via le mail pro<\/li>\n\n\n\n<li><strong>Une&nbsp;RIS&nbsp;sur le temps d&rsquo;enseignement : <\/strong>vous devez informer votre IEN 48H \u00e0 l&rsquo;avance de votre participation \u00e0 la&nbsp;RIS.<\/li>\n<\/ul>\n\n\n\n<p>Les AESH ont \u00e9galement droit \u00e0 3 RIS sur temps de travail dans l&rsquo;ann\u00e9e scolaire. Pour y participer il suffit d&rsquo;informer votre IEN ou votre chef d&rsquo;\u00e9tablissement, via le mail pro.<\/p>\n\n\n\n<div style=\"height:22px\" aria-hidden=\"true\" class=\"wp-block-spacer\"><\/div>\n\n\n\n<h2 class=\"wp-block-heading\">Une RIS dans votre \u00e9cole<\/h2>\n\n\n\n<p>Si vous le souhaitez, nous pouvons organiser une RIS, \u00e0 la demande des coll\u00e8gues, dans votre \u00e9cole sur le temps de midi ou en fin d&rsquo;apr\u00e8s-midi, de pr\u00e9f\u00e9rence le mardi ou le vendredi. Si vous \u00eates int\u00e9ress\u00e9.e.s : contactez nous par mail : <a href=\"mailto:snudi.fo34@gmail.com\" target=\"_blank\" rel=\"noreferrer noopener\">snudi.fo34@gmail.com<\/a><\/p>\n\n\n\n<div style=\"height:22px\" aria-hidden=\"true\" class=\"wp-block-spacer\"><\/div>\n\n\n\n<p><strong>Retrouvez ci-dessous toutes les articles relatifs \u00e0 nos RIS :<\/strong><\/p>\n\n\n<ul class=\"wp-block-latest-posts__list wp-block-latest-posts\"><li><a class=\"wp-block-latest-posts__post-title\" href=\"https:\/\/snudifo34.fr\/index.php\/2024\/03\/10\/ris-mouvement-departemental\/\">RIS MOUVEMENT d\u00e9partemental<\/a><div class=\"wp-block-latest-posts__post-excerpt\">jeudi 28 mars, de 14h \u00e0 16h30, \u00e0 la maison des syndicats (Montpellier) et en visio SPECIALE MOUVEMENT r\u00e8gles, v\u0153ux, priorit\u00e9s, bar\u00e8me, postes,strat\u00e9gies: Venez pr\u00e9parer <a class=\"mh-excerpt-more\" href=\"https:\/\/snudifo34.fr\/index.php\/2024\/03\/10\/ris-mouvement-departemental\/\" title=\"RIS MOUVEMENT d\u00e9partemental\">[&#8230;]<\/a><\/div><\/li>\n<li><a class=\"wp-block-latest-posts__post-title\" href=\"https:\/\/snudifo34.fr\/index.php\/2024\/02\/14\/ris-speciale-revendications-et-moyens-daction\/\">RIS: sp\u00e9ciale revendications et moyens d&rsquo;action<\/a><div class=\"wp-block-latest-posts__post-excerpt\">Cahier de revendications \u00e0 t\u00e9l\u00e9charger en bas de page D\u00e8s la semaine de la rentr\u00e9e nous organisons 2 RIS sur temps scolaire le 29 f\u00e9vrier, <a class=\"mh-excerpt-more\" href=\"https:\/\/snudifo34.fr\/index.php\/2024\/02\/14\/ris-speciale-revendications-et-moyens-daction\/\" title=\"RIS: sp\u00e9ciale revendications et moyens d&rsquo;action\">[&#8230;]<\/a><\/div><\/li>\n<li><a class=\"wp-block-latest-posts__post-title\" href=\"https:\/\/snudifo34.fr\/index.php\/2024\/02\/05\/le-gouvernement-nous-laisse-t-il-le-choix-assemblees-generales-et-reunions-syndicales-partout-pour-decider-et-sorganiser-en-vue-de-le-bloquer\/\">Le gouvernement nous laisse-t-il le choix ?Assembl\u00e9es G\u00e9n\u00e9rales et r\u00e9unions syndicales partout pour d\u00e9cider et s\u2019organiser en vue de le bloquer<\/a><div class=\"wp-block-latest-posts__post-excerpt\">La FNEC FP-FO appelle les personnels \u00e0 se r\u00e9unir d\u00e8s lundi sur leur lieu de travail pour \u00e9tablir les cahiers de revendications et d\u00e9cider de <a class=\"mh-excerpt-more\" href=\"https:\/\/snudifo34.fr\/index.php\/2024\/02\/05\/le-gouvernement-nous-laisse-t-il-le-choix-assemblees-generales-et-reunions-syndicales-partout-pour-decider-et-sorganiser-en-vue-de-le-bloquer\/\" title=\"Le gouvernement nous laisse-t-il le choix ?Assembl\u00e9es G\u00e9n\u00e9rales et r\u00e9unions syndicales partout pour d\u00e9cider et s\u2019organiser en vue de le bloquer\">[&#8230;]<\/a><\/div><\/li>\n<li><a class=\"wp-block-latest-posts__post-title\" href=\"https:\/\/snudifo34.fr\/index.php\/2023\/12\/17\/nouvelles-ris-reunion-dinformation-syndicale\/\">Nouvelles RIS (r\u00e9union d&rsquo;information syndicale)<\/a><div class=\"wp-block-latest-posts__post-excerpt\">A consulter ICI<\/div><\/li>\n<li><a class=\"wp-block-latest-posts__post-title\" href=\"https:\/\/snudifo34.fr\/index.php\/2023\/10\/21\/mouvement-interdepartemental-informations-calculateur-et-fiche-de-suivi\/\">Mouvement inter-d\u00e9partemental et POP: informations, RIS et fiche de suivi<\/a><div class=\"wp-block-latest-posts__post-excerpt\">Vous souhaitez participer au mouvement inter-d\u00e9partemental ? Le SNUDI-FO 34 vous informe et vous aide tout au long des op\u00e9rations de mutation. A RETENIR: ouverture <a class=\"mh-excerpt-more\" href=\"https:\/\/snudifo34.fr\/index.php\/2023\/10\/21\/mouvement-interdepartemental-informations-calculateur-et-fiche-de-suivi\/\" title=\"Mouvement inter-d\u00e9partemental et POP: informations, RIS et fiche de suivi\">[&#8230;]<\/a><\/div><\/li>\n<li><div class=\"wp-block-latest-posts__featured-image\"><img loading=\"lazy\" decoding=\"async\" width=\"313\" height=\"167\" src=\"https:\/\/snudifo34.fr\/wp-content\/uploads\/2023\/09\/inFO.jpg\" class=\"attachment-mh-magazine-lite-content size-mh-magazine-lite-content wp-post-image\" alt=\"\" style=\"\" srcset=\"https:\/\/snudifo34.fr\/wp-content\/uploads\/2023\/09\/inFO.jpg 313w, https:\/\/snudifo34.fr\/wp-content\/uploads\/2023\/09\/inFO-300x160.jpg 300w\" sizes=\"auto, (max-width: 313px) 100vw, 313px\" \/><\/div><a class=\"wp-block-latest-posts__post-title\" href=\"https:\/\/snudifo34.fr\/index.php\/2023\/09\/09\/inclusion-scolaire-systematique-stop-au-chaos-et-a-la-mise-en-danger-des-personnels-et-des-eleves-dans-les-etablissements-scolaires-non-a-lacte-ii-de-lecole-inclusive\/\">Inclusion scolaire syst\u00e9matique : STOP au chaos et \u00e0 la mise en danger des personnels et des \u00e9l\u00e8ves dans les \u00e9tablissements scolaires, NON \u00e0 l\u2019Acte II de l\u2019Ecole Inclusive !<\/a><div class=\"wp-block-latest-posts__post-excerpt\">LE SNUDI FO 34 A FINI PAR AVOIR LA REPONSE : actuellement 490 enfants sont en attente de places en IME, ITEP et ULIS dans <a class=\"mh-excerpt-more\" href=\"https:\/\/snudifo34.fr\/index.php\/2023\/09\/09\/inclusion-scolaire-systematique-stop-au-chaos-et-a-la-mise-en-danger-des-personnels-et-des-eleves-dans-les-etablissements-scolaires-non-a-lacte-ii-de-lecole-inclusive\/\" title=\"Inclusion scolaire syst\u00e9matique : STOP au chaos et \u00e0 la mise en danger des personnels et des \u00e9l\u00e8ves dans les \u00e9tablissements scolaires, NON \u00e0 l\u2019Acte II de l\u2019Ecole Inclusive !\">[&#8230;]<\/a><\/div><\/li>\n<\/ul>","protected":false},"excerpt":{"rendered":"<div class=\"mh-excerpt\"><p>Une RIS est une R\u00e9union d&rsquo;Information Syndicale. Elle est ouverte \u00e0 toutes et \u00e0 tous, syndiqu\u00e9s et non syndiqu\u00e9s. Les professeurs des \u00e9coles ont droit <a class=\"mh-excerpt-more\" href=\"https:\/\/snudifo34.fr\/index.php\/reunions-dinformation-syndicale-ris\/\" title=\"R\u00e9unions d&rsquo;information syndicale (RIS)\">[&#8230;]<\/a><\/p>\n<\/div>","protected":false},"author":1,"featured_media":0,"parent":0,"menu_order":0,"comment_status":"closed","ping_status":"closed","template":"","meta":{"cybocfi_hide_featured_image":"","footnotes":""},"class_list":["post-365","page","type-page","status-publish","hentry"],"_links":{"self":[{"href":"https:\/\/snudifo34.fr\/index.php\/wp-json\/wp\/v2\/pages\/365","targetHints":{"allow":["GET"]}}],"collection":[{"href":"https:\/\/snudifo34.fr\/index.php\/wp-json\/wp\/v2\/pages"}],"about":[{"href":"https:\/\/snudifo34.fr\/index.php\/wp-json\/wp\/v2\/types\/page"}],"author":[{"embeddable":true,"href":"https:\/\/snudifo34.fr\/index.php\/wp-json\/wp\/v2\/users\/1"}],"replies":[{"embeddable":true,"href":"https:\/\/snudifo34.fr\/index.php\/wp-json\/wp\/v2\/comments?post=365"}],"version-history":[{"count":20,"href":"https:\/\/snudifo34.fr\/index.php\/wp-json\/wp\/v2\/pages\/365\/revisions"}],"predecessor-version":[{"id":5678,"href":"https:\/\/snudifo34.fr\/index.php\/wp-json\/wp\/v2\/pages\/365\/revisions\/5678"}],"wp:attachment":[{"href":"https:\/\/snudifo34.fr\/index.php\/wp-json\/wp\/v2\/media?parent=365"}],"curies":[{"name":"wp","href":"https:\/\/api.w.org\/{rel}","templated":true}]}}